t w = -163064 + 313659. Is w composite?
True
Suppose 4*p + 38966 = 2*g, -g = -6*g - 3*p + 97441. Is g a prime number?
False
Suppose -4*x - 17935 = 16805. Let w = 17608 + x. Is w prime?
True
Let g be 3 - (-1 + 2 + -1)/(-1). Suppose -5*i + 1258 = -2*i - c, g*c = -3*i + 1278. Suppose 246 = 3*d - r, r - 3*r = 5*d - i. Is d a prime number?
True
Let u = 725544 - 502129. Is u composite?
True
Let m(l) = 92*l**3 - 14*l**2 + 16*l - 179. Is m(14) a prime number?
True
Let f be (-1 - (-6)/(-15))/((-2)/70). Suppose 1860 = -45*r + f*r. Let l = 698 + r. Is l a prime number?
True
Suppose 4*v = -4*v. Let q = 23 + -34. Is (v - 1726)/(-13 - q) a composite number?
False
Let p be -3 + 1375*(-4 + 3). Suppose -149*o - 2004 = -145*o. Let c = o - p. Is c a composite number?
False
Suppose -u + 4698 = -o, u - 630 = -2*o + 4080. Let p = -1861 + u. Is p a composite number?
True
Let b(q) = q**2 + 55. Suppose c = 4*c. Let l be b(c). Suppose g - 212 = -l. Is g a prime number?
True
Let p be 1 - (72/(-5) - 6/(-15)). Suppose 5*u = p, 4*t - 968 - 4091 = -5*u. Is t a composite number?
True
Let a(m) = -m**3 - m - 3351. Let x be a(0). Let s = -1919 - x. Suppose 0 = -4*n - z + s, 0 = -3*n - 3*z + 366 + 699. Is n composite?
False
Suppose -49*z = -48*z + g - 676460, 5*g - 676448 = -z. Is z a prime number?
True
Suppose -4*j - 26 = 2*b - 84, -3*j - 60 = -3*b. Suppose t + b = 26. Suppose -t*z - l - 798 + 2469 = 0, 3*z = 3*l + 1671. Is z a composite number?
False
Let m = 17737 + -41512. Let l = -13924 - m. Is l a prime number?
True
Let k(d) = 7*d**3 - 6*d**2 - 5*d - 11. Let p(x) = 0*x**2 + 0*x**3 - 2*x**2 - 2*x + x**3 + 2. Let h be p(3). Is k(h) composite?
True
Let q(r) = 48*r**2 + 398*r - 45. Is q(-43) prime?
True
Let o = -258 - -698. Let q = o + -249. Is q prime?
True
Suppose 7*z + 3*l = 12*z - 147280, -3*z - 3*l + 88344 = 0. Is z a prime number?
True
Let g be (-3 + 6 + -5)/((-2)/(-8)). Let o(b) = b**2 + 9*b + 7. Let z be o(g). Let v(m) = -1060*m**3 + m**2 + m + 1. Is v(z) composite?
False
Suppose 5*z + 3*k = 37, 5*z - 5*k - 6 = -1. Suppose -4*w - 5*j + 4*j = -2610, -j = -z*w + 3258. Let t = 1281 - w. Is t a composite number?
True
Let h be -4 + -9*(-603)/(-3). Let n = h - -3218. Is n a prime number?
False
Let h(v) = v**2 + 4*v + 2. Let s(r) = 303*r**2 - 8*r - 10. Let d(f) = 2*h(f) + s(f). Is d(2) a composite number?
True
Suppose 10 = -5*q - 28*z + 33*z, 0 = -5*q + 3*z - 10. Let d(n) = n - 10. Let k be d(7). Is q/k - 190*(-116)/24 prime?
True
Is 0 + ((-471)/6 + 0)*-998 composite?
True
Suppose -44 = -4*n - 2*x, 0 = 4*n + 5*x - 2*x - 42. Suppose -n*o + 11*o + 4*g = -1977, 0 = o + 5*g - 1941. Is o a prime number?
False
Suppose -9*r + 323319 = -4*j - 179816, 3*r - 5*j - 167686 = 0. Is r a composite number?
True
Let i(l) = 8*l**2 + 6*l - 8. Let b be i(7). Let p = b - 270. Suppose -230 = -3*g + 4*j, 0 = g + g - 4*j - p. Is g a composite number?
True
Let l = 464 - 410. Suppose 2*d - 62 = 5*n, -2*d = -0*d + 4*n - 98. Let w = l - d. Is w prime?
True
Suppose -11675180 + 42840512 = 132*r. Is r composite?
True
Let t(b) = 30*b**2 + 4*b - 3. Let o be t(1). Suppose 23 = -8*m + o. Is (11013/12 + -3)/(m/4) a prime number?
True
Is 239308*((-6)/1 + 4)*1/(-8) composite?
True
Let z(h) = 3629*h**3 + 8*h**2 - 3*h + 4. Let d be z(2). Let t = d + -16749. Is t composite?
True
Let i(a) = 2929*a - 151. Let g be i(4). Let j = g - 3748. Is j a prime number?
True
Suppose -7*h - h = -2602160. Suppose 0 = -21*f - f + h. Is f composite?
True
Suppose -58*m + 2056155 = -43*m. Is m prime?
True
Suppose 0 = 4*v - 8*l + 11*l + 185, -v - l = 47. Let r(h) = 2*h**2 - 34*h + 31. Is r(v) composite?
False
Suppose -d - l = -209866, -62*d + 3*l - 839467 = -66*d. Is d a prime number?
False
Let h = 383 - 379. Suppose 5*l = -s + 2470, 2*l + h*s - 991 = 3*s. Is l a composite number?
True
Let i be 154245/10 - (-15)/(-6). Let u = i + -10161. Is u a prime number?
True
Suppose 2*s = -f - 30323, -3*s - s - 5*f - 60661 = 0. Let c = 25100 + s. Is c composite?
False
Suppose 0 = -4*p + 2*a + 38264, -5*p + 33271 = 4*a - 14559. Is p composite?
True
Let i = 31340 - -99389. Is i composite?
False
Let o be 3/(-2)*(-60)/45. Is ((-2922234)/(-369))/(o*2/6) a prime number?
False
Let p(x) = 12687*x + 10. Suppose -18 - 31 = -49*q. Is p(q) a composite number?
False
Is (22 - (-360)/(-18))/(6/1740543) a composite number?
True
Let i(p) be the third derivative of 5*p**6/144 + 7*p**5/40 - 5*p**4/8 + 28*p**2. Let u(x) be the second derivative of i(x). Is u(8) prime?
False
Let l(f) = 511*f**2 - 2*f - 1. Let k be (-9 + 0)*42/(-189). Is l(k) prime?
True
Let m(q) = -284*q**3 + 3*q**2 + 5*q + 7. Let z = -28 - -26. Is m(z) a prime number?
True
Suppose 3*i = -3 + 9. Suppose -i*n = -2398 - 6302. Suppose -3*z = 2*r + z - n, -z = -2*r + 4360. Is r a prime number?
True
Let d(a) = -890*a**3 + 8*a**2 + 40*a + 189. Is d(-5) prime?
True
Suppose 5*o - 72 = -4*p, -5*o + 25 = -3*p - 26. Let j be 1 - ((-4)/(o/3) - -4). Is (-1551)/(-6) - (5/j - -2) prime?
False
Let x(v) = -2*v**3 - 27*v**2 - v + 20. Let n be x(-19). Suppose n = 9*p + 896. Let a = -83 + p. Is a a prime number?
True
Suppose 5*d + 4*s - 17 = 7, 4*s - 16 = -3*d. Suppose 1447 = 5*v - d*c - 287, -5*v + 1735 = -5*c. Is v prime?
False
Let b(h) = -5*h**2 - 48*h - 112. Let j be b(-6). Suppose w + 106 = -656. Is (w/2)/(2*j/8) a composite number?
True
Let a(v) = 6*v**3 - 7*v**2 + v - 963. Let f(w) = 7*w**3 - 8*w**2 + w - 965. Let c(z) = -6*a(z) + 5*f(z). Let h = 0 - 0. Is c(h) a prime number?
True
Let i = 46435 - -47838. Is i a prime number?
True
Suppose 5*t = -0*t - 20, 2*t = -5*y + 13142. Let c = y - -2241. Is c composite?
False
Suppose -2*r + 5*b = -123322, -25*b = -22*b + 12. Is r composite?
False
Suppose 441431 + 812616 = 83*x. Is x prime?
False
Suppose -3*p + 237 = -3. Suppose 5*n + p = 3*b, -4*b = 2*n - 0 - 150. Suppose -4*c + 124 = 5*v - c, -v - 4*c = -b. Is v prime?
True
Let g = 281588 + -12471. Is g a composite number?
False
Suppose 3*c = 132 + 195. Let a(z) = -z**3 + 2*z**2 + 56*z + 135. Let k be a(-7). Suppose -w + k = -c. Is w a prime number?
True
Is (-27)/(-486)*(-2 - 4)*-264297 prime?
False
Let x(c) = 322*c - 7. Suppose -8 = 5*u - 28. Let q be 28/12 + u/6. Is x(q) a prime number?
False
Suppose 3*j = 3*p + 1046468 + 41191, -725138 = -2*j - 2*p. Is j a composite number?
False
Let a be 3/(-1 + (-200)/(-199)). Let r = 1079 + 381. Suppose p - r = -a. Is p prime?
True
Let u be 28/(-21)*42/4. Is ((-118299)/(-94))/((-3)/u) composite?
True
Suppose 4 = -4*n + 16. Suppose -16*r + 12218 = -5478. Suppose n*a - r = 1147. Is a a composite number?
False
Let q(d) = 321*d**2 + d + 221. Is q(18) a composite number?
False
Suppose -20*u - 1492342 + 262402 = 0. Let x = -27956 - u. Is x prime?
False
Let k = -41 + 46. Suppose 0 = k*n - 763 + 2783. Let p = -203 - n. Is p prime?
False
Let y(v) = 1292*v**3 - 10*v**2 + 38*v + 25. Is y(6) composite?
True
Suppose -604*y + 150321253 = -393*y. Is y prime?
False
Let v = 26690 + -14856. Suppose 3*p - 5*t - v = 0, 0 = -4*p + t + 19275 - 3502. Is p a composite number?
False
Let u be 434/10 + (-16)/40. Let s(m) = -5*m + 11 + 76*m + u*m. Is s(10) composite?
False
Let k(o) = -o + 2. Let l be k(-12). Suppose -l*g + 5791 = 1101. Is g prime?
False
Let w = -26111 - -37685. Suppose 21*y = 12*y + w. Is y composite?
True
Is (80/(-48) - 0)*2832117/(-5) a prime number?
True
Let x(m) = -323*m**3 + 10*m**2 + 17*m + 19. Is x(-5) a prime number?
True
Let l(z) = -10*z - 3. Let i be l(-1). Let k(f) = -7*f + 26*f**3 - 3*f + 3 + 0*f**2 + i*f**2 - 25*f**3. Is k(-8) composite?
False
Let q(k) = -k + 1. Let s be q(9). Let y(v) = -v + 2. Let w(m) = -8*m + 3. Let g(a) = w(a) + 2*y(a). Is g(s) prime?
False
Let k(m) = -m**3 + 5*m**2 - 3*m - 4. Let p be k(4). Let n(h) = h**2 + h + 50. Let i be n(p). Let a = i - 29. Is a a composite number?
True
Let z(n) = -n**3 + 5*n**2 - 7*n + 25. Let b be z(5). Is (-231252)/(-56) + b/4 a composite number?
False
Let b = 156757 - 76928. Is b prime?
True
Suppose 15*o = -2*o + 31025. Let v = 3074 - o. Is v composite?
False
Let i = -17 - -10. Let m(w) = w + 6. Let y be m(i). Is (82 + y)*20/15 + 3 prime?
False
Suppose -16 = -4*x, -l - 3*x = -5 - 20. Suppose -16*b = -l*b - 1227. Is b prime?
True
Let i = 766 - 760. Is (-153808)/(-56) - i/(-14) a prime number?
False
Let g = -18502 + 27596. Is g comp